 a(f) = -1642*f - 7524. What is a(-4)?
-956
Let k(i) = -6*i**2 + 22483*i + 180244. Determine k(-8).
-4
Let y(p) = 1122*p - 26894. What is y(24)?
34
Let a(y) = 422*y**2 + 351*y - 1058. Calculate a(3).
3793
Let y(l) = 19512*l - 136615. Give y(7).
-31
Let o(l) = 2*l**3 - 16*l**2 + 422*l - 4104. Give o(10).
516
Let w(k) = k**3 + 17*k**2 + 27*k - 102. Give w(-6).
132
Let i(b) = -115319*b - 6688504. Give i(-58).
-2
Let i(p) = 9880*p + 563148. Give i(-57).
-12
Let h(a) = 2*a**3 - 13*a**2 + 23*a - 59. Determine h(5).
-19
Let a(u) = 3*u**3 + 69*u**2 + 172*u - 79. Determine a(-3).
-55
Let o(p) = -81*p + 16529. Determine o(253).
-3964
Let y(r) = 2*r**2 - 47*r - 1494. Determine y(-22).
508
Let n(u) = -572811*u - 7446542. Calculate n(-13).
1
Let j(l) = -9*l**3 - 898*l**2 - 715*l - 2182. What is j(-99)?
-4
Let v(k) = -24*k**2 - 7640*k + 4995. What is v(-319)?
-109
Let d(t) = t**3 + 16*t**2 - 2*t + 231. Determine d(-12).
831
Let l(n) = 1643*n - 15783. Calculate l(10).
647
Let l(o) = -o**3 - 32*o**2 - 74*o + 290. Give l(2).
6
Let o(i) = 16745*i + 117226. Give o(-7).
11
Let u(h) = -2*h**2 + 22255*h - 88994. Give u(4).
-6
Let x(t) = 2*t**3 + 330*t**2 - 182*t - 83638. Give x(-164).
2
Let w(t) = 163*t + 31768. Calculate w(-195).
-17
Let u(q) = 4*q**3 + 103*q**2 + 281*q - 3. Determine u(-3).
-27
Let b(n) = 890*n - 473517. What is b(532)?
-37
Let t(v) = v**3 + 20*v**2 - 16*v + 669. Determine t(-22).
53
Let f(v) = v**3 - 68*v**2 - 271*v + 9155. Calculate f(70).
-15
Let l(w) = 2*w**3 - 6*w**2 + 99*w + 523. Give l(-6).
-719
Let n(r) = 3*r**2 + 29732*r - 685414. Calculate n(23).
9
Let l(c) = -55*c**2 - c + 1779. Give l(6).
-207
Let i(m) = 29008*m + 87039. Determine i(-3).
15
Let m(q) = 612*q + 28744. Give m(-47).
-20
Let y(r) = -4*r**3 + 9*r**2 - 862*r - 1722. Determine y(-2).
70
Let b(q) = -q**3 - 56*q**2 + 1367*q + 78120. Determine b(-55).
-90
Let s(x) = 13*x**3 + 208*x**2 + 808*x. Determine s(-4).
-736
Let z(k) = 2*k**2 - 2212*k - 220456. What is z(-92)?
-24
Let t(h) = 65*h**3 + 7*h**2 - 124*h - 244. What is t(-2)?
-488
Let z(r) = 65*r**3 + 12*r**2 - 162*r - 352. Give z(-2).
-500
Let i(n) = -2*n**3 + 24*n**2 - 84*n + 1438. What is i(13)?
8
Let a(b) = 8*b**2 - 1407*b - 270860. Determine a(-116).
0
Let a(q) = -633*q + 109469. Calculate a(173).
-40
Let q(p) = -12254*p + 17829579. Determine q(1455).
9
Let l(d) = d**3 + 20*d**2 - 3004*d + 16808. Calculate l(42).
8
Let t(a) = -6*a**2 - 181*a - 1133. Calculate t(-24).
-245
Let h(v) = -1099*v - 43948. Calculate h(-40).
12
Let s(d) = -d**3 + 34*d**2 - 245*d + 257. Calculate s(25).
-243
Let p(w) = -2*w**3 + 65*w**2 + 41*w - 2300. Give p(32).
36
Let g(l) = l**3 - 105*l**2 + 361*l - 16205. Determine g(103).
-240
Let l(o) = -3*o**3 - 157*o**2 - 69*o - 886. Give l(-52).
-2
Let q(t) = 8*t**2 - 162*t - 1837. Calculate q(-8).
-29
Let w(o) = o**3 - 13*o**2 - 66417*o + 929643. Determine w(14).
1
Let b(w) = -w**3 + 31*w**2 - 188*w + 4885. Give b(30).
145
Let z(l) = 2*l**2 + 1745*l + 357154. Calculate z(-328).
-38
Let h(p) = -p**2 - 9229*p - 939962. Give h(-103).
16
Let k(i) = -60*i**2 + 5575*i + 52. What is k(93)?
-413
Let b(l) = -3599*l + 55409. Determine b(16).
-2175
Let j(f) = 12286*f - 2051768. What is j(167)?
-6
Let h(i) = -15*i**2 + 284*i - 1339. Calculate h(13).
-182
Let m(k) = 9253*k - 46801. What is m(5)?
-536
Let v(h) = -h**3 - 4*h**2 - 2176*h - 4357. What is v(-2)?
-13
Let g(z) = 112*z**2 - 2215*z + 1659. Calculate g(19).
6
Let u(a) = 25722*a - 360080. What is u(14)?
28
Let l(g) = -9*g**3 - 289*g**2 - 17*g + 81. Determine l(-32).
-399
Let w(z) = -2*z**2 + 301*z - 2259. Give w(144).
-387
Let v(i) = 11*i**2 - 162*i - 11683. Give v(-26).
-35
Let s(m) = -6077*m + 48579. Calculate s(8).
-37
Let v(i) = i**3 - 356*i**2 - 702*i + 123094. Calculate v(357).
-71
Let m(h) = -8177*h + 37268. Calculate m(4).
4560
Let v(g) = g**3 - 680*g**2 + 586*g + 63160. What is v(679)?
13
Let t(j) = -2286*j**2 + 2585*j - 2584. Calculate t(1).
-2285
Let s(k) = 3208*k - 224584. Give s(70).
-24
Let k(f) = -34*f**2 + 5*f + 2081. What is k(0)?
2081
Let m(o) = 28*o**2 + 1358*o + 12438. What is m(-9)?
2484
Let w(v) = -237*v**2 - 8*v + 562. Calculate w(0).
562
Let h(o) = 358*o - 45852. Give h(128).
-28
Let t(s) = -4*s**2 - 1370*s - 4793. Give t(-339).
-47
Let u(x) = -9653*x + 9709. Determine u(1).
56
Let w(b) = 158*b**2 - 35*b + 65. Determine w(2).
627
Let i(n) = 3*n**2 - 1194*n - 135213. Give i(490).
27
Let t(h) = 34*h**3 + 238*h**2 + 291*h + 2014. What is t(-7)?
-23
Let n(y) = 73*y**2 + 22*y + 24. Determine n(-2).
272
Let n(q) = -8*q - 59. Calculate n(-3).
-35
Let q(w) = 18896*w + 151141. Give q(-8).
-27
Let n(k) = -k**2 + 687*k - 35332. Determine n(56).
4
Let i(h) = -2339*h + 720219. Give i(308).
-193
Let q(h) = -2*h**2 + 121*h + 1010. Give q(69).
-163
Let k(b) = -b**3 - 8*b**2 + 1222*b - 379. What is k(31)?
24
Let l(n) = 501076*n + 3006434. Determine l(-6).
-22
Let a(m) = -8233*m + 420417. Give a(51).
534
Let j(q) = -q**2 + 229*q - 9817. What is j(172)?
-13
Let a(o) = 2*o**2 + 30*o + 789. What is a(0)?
789
Let d(r) = 3*r + 157. Calculate d(-20).
97
Let a(u) = 677*u**2 - 87*u + 30. Determine a(1).
620
Let u(w) = 77*w**2 - 1173*w + 3574. Calculate u(3).
748
Let s(c) = 21*c**2 + 402*c - 733. What is s(-21)?
86
Let l(h) = h**3 - 40*h**2 + 4134*h - 128858. What is l(33)?
-59
Let l(v) = 9*v**2 - 323*v + 2337. Give l(24).
-231
Let k(f) = -2*f**3 - 42*f**2 + 6*f - 62. Give k(-22).
774
Let b(p) = p**3 + 758*p**2 + 2753*p + 938197. Calculate b(-756).
1
Let c(i) = 1899*i - 402. Calculate c(2).
3396
Let q(c) = c**3 + 6*c**2 - 14302*c + 28599. Determine q(2).
27
Let n(d) = 1213*d + 35821. Calculate n(-29).
644
Let p(c) = -8959*c - 152279. Calculate p(-17).
24
Let z(i) = i**3 + 24*i**2 + 162*i + 105. Determine z(-14).
-203
Let u(v) = 6*v**2 - 66*v + 282. What is u(-18)?
3414
Let i(s) = 3*s**3 + 342*s**2 - 436*s - 10465. Calculate i(-115).
0
Let t(i) = -2*i**3 - 312*i**2 - 1980*i + 737. Calculate t(-7).
-5
Let t(c) = -9*c**2 - 6819*c - 1086913. Calculate t(-228).
-37
Let o(m) = 28*m**2 + 180*m - 1961. Calculate o(11).
3407
Let a(l) = -4*l**3 + 122*l**2 + 1152*l + 41. Calculate a(38).
497
Let r(u) = -7*u - 343. Determine r(-51).
14
Let x(v) = 58*v**3 - 457*v**2 + 40*v - 705. Calculate x(8).
63
Let q(o) = -2402*o + 643740. Calculate q(268).
4
Let o(s) = 4*s**3 - 58*s**2 + 65. Calculate o(-6).
-2887
Let c(r) = r**3 - 24*r**2 - 1350*r + 33082. Calculate c(25).
-43
Let m(x) = -2*x**3 - 7*x**2 - 160*x - 728. Determine m(-5).
147
Let f(d) = -1659*d + 9815. What is f(6)?
-139
Let j(f) = 20*f - 524. Calculate j(23).
-64
Let j(z) = -26*z**2 - 812*z + 1626. What is j(2)?
-102
Let y(f) = 17*f - 905. What is y(61)?
132
Let n(m) = -7175*m + 125390. Calculate n(18).
-3760
Let t(v) = 6*v**3 + 67*v**2 - 966*v - 9. Calculate t(8).
-377
Let n(u) = 7*u**2 - 26733*u - 53467. Calculate n(-2).
27
Let w(k) = -21*k**3 - 8*k**2 - 2620*k + 7963. Determine w(3).
-536
Let b(k) = 102388*k + 3685967. Determine b(-36).
-1
Let r(p) = -12*p**2 - 284*p + 3846. What is r(14)?
-2482
Let b(w) = -3*w**3 - 4*w**2 + 28*w + 329. What is b(-7)?
966
Let j(h) = -h**3 - 68*h**2 + 131*h + 202. Determine j(-70).
832
Let u(c) = 1732*c**2 - 306*c - 307. Determine u(-1).
1731
Let x(t) = 4*t**3 - 4*t**2 - 278*t - 548. What is x(-2)?
-40
Let k(y) = 92198*y - 553130. What is k(6)?
58
Let z(p) = -3583*p - 5738. What is z(-2)?
1428
Let f(b) = -448477*b + 19284528. Determine f(43).
17
Let h(k) = k**2 - 739*k + 132212. Give h(435).
-28
Let k(q) = -7565*q + 173830. Determine k(23).
-165
Let r(o) = 2*o**3 + 29*o**2 - 2*o - 259. Determine r(-15).
-454
Let r(x) = -2*x**2 + 5843*x - 1088593. What is r(200)?
7
Let i(t) = t**3 + 13*t**2 - 518*t - 4487. Determine i(-8).
-23
Let q(y) = y**3 + 41*y**2 + 385*y - 132. Determine q(-9).
-1005
Let p(i) = -2*i**2 + 102*i - 1494. Determine p(12).
-558
Let u(r) = -6*r**3 + 80*r**2 + 35*r + 5765. What is u(17)?
2
Let r(k) = -105146*k - 4941888. Determine r(-47).
-26
Let u(a) = -3695*a + 258641. What is u(70)?
-9
Let x(b) = -b**3 - 83*b**2 - 1275*b - 847. Give x(-63).
98
Let q(r) = 4536*r**2 - 1270097*r + 4753. Determine q(280).
-7
Let c(o) = 11*o**3 - 240*o**2 - 798*o + 8. What is c(-3)?
-55
Let n(o) = 546*o - 1841. Calculate n(2).
-749
Let j(h) = -164*h + 2323. What is j(19)?
-793
Let h(q) 